{"id":1820,"date":"2015-06-04T19:57:57","date_gmt":"2015-06-04T17:57:57","guid":{"rendered":"http:\/\/new.prehrada-pastviny.cz\/cs\/historie_prehrady\/navsteva-ministra-veci-verejnych\/"},"modified":"2023-03-06T13:56:30","modified_gmt":"2023-03-06T12:56:30","slug":"navsteva-ministra-veci-verejnych","status":"publish","type":"historie","link":"https:\/\/prehrada-pastviny.cz\/cs\/historie\/navsteva-ministra-veci-verejnych\/","title":{"rendered":"Rok 1912 &#8211; N\u00e1v\u0161t\u011bva ministra v\u011bc\u00ed ve\u0159ejn\u00fdch"},"content":{"rendered":"<p><a href=\"https:\/\/cs.wikipedia.org\/wiki\/Otakar_Trnka\">Dr. Otakar Trnka<\/a> tehdej\u0161\u00ed ministr ve\u0159ejn\u00fdch v\u011bc\u00ed nav\u0161t\u00edvil Neko\u0159, aby se pod\u00edval na m\u00edsto ur\u010den\u00e9 pro v\u00fdstvbu p\u0159ehrady<\/p>\n\n<!-- wp:themify-builder\/canvas \/-->","protected":false},"author":6,"featured_media":2260,"template":"","meta":{"_acf_changed":false},"class_list":["post-1820","historie","type-historie","status-publish","has-post-thumbnail","hentry","has-post-title","has-post-date","has-post-category","has-post-tag","has-post-comment","has-post-author",""],"acf":[],"yoast_head":"<!-- This site is optimized with the Yoast SEO plugin v27.4 - https:\/\/yoast.com\/product\/yoast-seo-wordpress\/ -->\n<title>Rok 1912 - N\u00e1v\u0161t\u011bva ministra v\u011bc\u00ed ve\u0159ejn\u00fdch | P\u0159ehrada Pastviny<\/title>\n<meta name=\"robots\" content=\"index, follow, max-snippet:-1, max-image-preview:large, max-video-preview:-1\" \/>\n<link rel=\"canonical\" href=\"https:\/\/prehrada-pastviny.cz\/cs\/historie\/navsteva-ministra-veci-verejnych\/\" \/>\n<meta property=\"og:locale\" content=\"cs_CZ\" \/>\n<meta property=\"og:type\" content=\"article\" \/>\n<meta property=\"og:title\" content=\"Rok 1912 - N\u00e1v\u0161t\u011bva ministra v\u011bc\u00ed ve\u0159ejn\u00fdch | P\u0159ehrada Pastviny\" \/>\n<meta property=\"og:description\" content=\"Dr. Otakar Trnka tehdej\u0161\u00ed ministr ve\u0159ejn\u00fdch v\u011bc\u00ed nav\u0161t\u00edvil Neko\u0159, aby se pod\u00edval na m\u00edsto ur\u010den\u00e9 pro v\u00fdstvbu p\u0159ehrady\" \/>\n<meta property=\"og:url\" content=\"https:\/\/prehrada-pastviny.cz\/cs\/historie\/navsteva-ministra-veci-verejnych\/\" \/>\n<meta property=\"og:site_name\" content=\"P\u0159ehrada Pastviny\" \/>\n<meta property=\"article:publisher\" content=\"https:\/\/www.facebook.com\/pastviny\" \/>\n<meta property=\"article:modified_time\" content=\"2023-03-06T12:56:30+00:00\" \/>\n<meta property=\"og:image\" content=\"https:\/\/prehrada-pastviny.cz\/wp-content\/uploads\/2015\/06\/Otakar_Trnka_1871\u20131919.jpg\" \/>\n\t<meta property=\"og:image:width\" content=\"466\" \/>\n\t<meta property=\"og:image:height\" content=\"606\" \/>\n\t<meta property=\"og:image:type\" content=\"image\/jpeg\" \/>\n<meta name=\"twitter:card\" content=\"summary_large_image\" \/>\n<script type=\"application\/ld+json\" class=\"yoast-schema-graph\">{\"@context\":\"https:\\\/\\\/schema.org\",\"@graph\":[{\"@type\":\"WebPage\",\"@id\":\"https:\\\/\\\/prehrada-pastviny.cz\\\/cs\\\/historie\\\/navsteva-ministra-veci-verejnych\\\/\",\"url\":\"https:\\\/\\\/prehrada-pastviny.cz\\\/cs\\\/historie\\\/navsteva-ministra-veci-verejnych\\\/\",\"name\":\"Rok 1912 - N\u00e1v\u0161t\u011bva ministra v\u011bc\u00ed ve\u0159ejn\u00fdch | P\u0159ehrada Pastviny\",\"isPartOf\":{\"@id\":\"https:\\\/\\\/prehrada-pastviny.cz\\\/cs\\\/#website\"},\"primaryImageOfPage\":{\"@id\":\"https:\\\/\\\/prehrada-pastviny.cz\\\/cs\\\/historie\\\/navsteva-ministra-veci-verejnych\\\/#primaryimage\"},\"image\":{\"@id\":\"https:\\\/\\\/prehrada-pastviny.cz\\\/cs\\\/historie\\\/navsteva-ministra-veci-verejnych\\\/#primaryimage\"},\"thumbnailUrl\":\"https:\\\/\\\/prehrada-pastviny.cz\\\/wp-content\\\/uploads\\\/2015\\\/06\\\/Otakar_Trnka_1871\u20131919.jpg\",\"datePublished\":\"2015-06-04T17:57:57+00:00\",\"dateModified\":\"2023-03-06T12:56:30+00:00\",\"breadcrumb\":{\"@id\":\"https:\\\/\\\/prehrada-pastviny.cz\\\/cs\\\/historie\\\/navsteva-ministra-veci-verejnych\\\/#breadcrumb\"},\"inLanguage\":\"cs\",\"potentialAction\":[{\"@type\":\"ReadAction\",\"target\":[\"https:\\\/\\\/prehrada-pastviny.cz\\\/cs\\\/historie\\\/navsteva-ministra-veci-verejnych\\\/\"]}]},{\"@type\":\"ImageObject\",\"inLanguage\":\"cs\",\"@id\":\"https:\\\/\\\/prehrada-pastviny.cz\\\/cs\\\/historie\\\/navsteva-ministra-veci-verejnych\\\/#primaryimage\",\"url\":\"https:\\\/\\\/prehrada-pastviny.cz\\\/wp-content\\\/uploads\\\/2015\\\/06\\\/Otakar_Trnka_1871\u20131919.jpg\",\"contentUrl\":\"https:\\\/\\\/prehrada-pastviny.cz\\\/wp-content\\\/uploads\\\/2015\\\/06\\\/Otakar_Trnka_1871\u20131919.jpg\",\"width\":466,\"height\":606},{\"@type\":\"BreadcrumbList\",\"@id\":\"https:\\\/\\\/prehrada-pastviny.cz\\\/cs\\\/historie\\\/navsteva-ministra-veci-verejnych\\\/#breadcrumb\",\"itemListElement\":[{\"@type\":\"ListItem\",\"position\":1,\"name\":\"Dom\u016f\",\"item\":\"https:\\\/\\\/prehrada-pastviny.cz\\\/cs\\\/\"},{\"@type\":\"ListItem\",\"position\":2,\"name\":\"Historie p\u0159ehrady\",\"item\":\"https:\\\/\\\/prehrada-pastviny.cz\\\/cs\\\/historie\\\/\"},{\"@type\":\"ListItem\",\"position\":3,\"name\":\"Rok 1912 &#8211; N\u00e1v\u0161t\u011bva ministra v\u011bc\u00ed ve\u0159ejn\u00fdch\"}]},{\"@type\":\"WebSite\",\"@id\":\"https:\\\/\\\/prehrada-pastviny.cz\\\/cs\\\/#website\",\"url\":\"https:\\\/\\\/prehrada-pastviny.cz\\\/cs\\\/\",\"name\":\"P\u0159ehrada Pastviny\",\"description\":\"Pastvinsk\u00e1 P\u0159ehrada\",\"alternateName\":\"Pastvinsk\u00e1 p\u0159ehrada\",\"potentialAction\":[{\"@type\":\"SearchAction\",\"target\":{\"@type\":\"EntryPoint\",\"urlTemplate\":\"https:\\\/\\\/prehrada-pastviny.cz\\\/cs\\\/?s={search_term_string}\"},\"query-input\":{\"@type\":\"PropertyValueSpecification\",\"valueRequired\":true,\"valueName\":\"search_term_string\"}}],\"inLanguage\":\"cs\"}]}<\/script>\n<!-- \/ Yoast SEO plugin. -->","yoast_head_json":{"title":"Rok 1912 - N\u00e1v\u0161t\u011bva ministra v\u011bc\u00ed ve\u0159ejn\u00fdch | P\u0159ehrada Pastviny","robots":{"index":"index","follow":"follow","max-snippet":"max-snippet:-1","max-image-preview":"max-image-preview:large","max-video-preview":"max-video-preview:-1"},"canonical":"https:\/\/prehrada-pastviny.cz\/cs\/historie\/navsteva-ministra-veci-verejnych\/","og_locale":"cs_CZ","og_type":"article","og_title":"Rok 1912 - N\u00e1v\u0161t\u011bva ministra v\u011bc\u00ed ve\u0159ejn\u00fdch | P\u0159ehrada Pastviny","og_description":"Dr. Otakar Trnka tehdej\u0161\u00ed ministr ve\u0159ejn\u00fdch v\u011bc\u00ed nav\u0161t\u00edvil Neko\u0159, aby se pod\u00edval na m\u00edsto ur\u010den\u00e9 pro v\u00fdstvbu p\u0159ehrady","og_url":"https:\/\/prehrada-pastviny.cz\/cs\/historie\/navsteva-ministra-veci-verejnych\/","og_site_name":"P\u0159ehrada Pastviny","article_publisher":"https:\/\/www.facebook.com\/pastviny","article_modified_time":"2023-03-06T12:56:30+00:00","og_image":[{"width":466,"height":606,"url":"https:\/\/prehrada-pastviny.cz\/wp-content\/uploads\/2015\/06\/Otakar_Trnka_1871\u20131919.jpg","type":"image\/jpeg"}],"twitter_card":"summary_large_image","schema":{"@context":"https:\/\/schema.org","@graph":[{"@type":"WebPage","@id":"https:\/\/prehrada-pastviny.cz\/cs\/historie\/navsteva-ministra-veci-verejnych\/","url":"https:\/\/prehrada-pastviny.cz\/cs\/historie\/navsteva-ministra-veci-verejnych\/","name":"Rok 1912 - N\u00e1v\u0161t\u011bva ministra v\u011bc\u00ed ve\u0159ejn\u00fdch | P\u0159ehrada Pastviny","isPartOf":{"@id":"https:\/\/prehrada-pastviny.cz\/cs\/#website"},"primaryImageOfPage":{"@id":"https:\/\/prehrada-pastviny.cz\/cs\/historie\/navsteva-ministra-veci-verejnych\/#primaryimage"},"image":{"@id":"https:\/\/prehrada-pastviny.cz\/cs\/historie\/navsteva-ministra-veci-verejnych\/#primaryimage"},"thumbnailUrl":"https:\/\/prehrada-pastviny.cz\/wp-content\/uploads\/2015\/06\/Otakar_Trnka_1871\u20131919.jpg","datePublished":"2015-06-04T17:57:57+00:00","dateModified":"2023-03-06T12:56:30+00:00","breadcrumb":{"@id":"https:\/\/prehrada-pastviny.cz\/cs\/historie\/navsteva-ministra-veci-verejnych\/#breadcrumb"},"inLanguage":"cs","potentialAction":[{"@type":"ReadAction","target":["https:\/\/prehrada-pastviny.cz\/cs\/historie\/navsteva-ministra-veci-verejnych\/"]}]},{"@type":"ImageObject","inLanguage":"cs","@id":"https:\/\/prehrada-pastviny.cz\/cs\/historie\/navsteva-ministra-veci-verejnych\/#primaryimage","url":"https:\/\/prehrada-pastviny.cz\/wp-content\/uploads\/2015\/06\/Otakar_Trnka_1871\u20131919.jpg","contentUrl":"https:\/\/prehrada-pastviny.cz\/wp-content\/uploads\/2015\/06\/Otakar_Trnka_1871\u20131919.jpg","width":466,"height":606},{"@type":"BreadcrumbList","@id":"https:\/\/prehrada-pastviny.cz\/cs\/historie\/navsteva-ministra-veci-verejnych\/#breadcrumb","itemListElement":[{"@type":"ListItem","position":1,"name":"Dom\u016f","item":"https:\/\/prehrada-pastviny.cz\/cs\/"},{"@type":"ListItem","position":2,"name":"Historie p\u0159ehrady","item":"https:\/\/prehrada-pastviny.cz\/cs\/historie\/"},{"@type":"ListItem","position":3,"name":"Rok 1912 &#8211; N\u00e1v\u0161t\u011bva ministra v\u011bc\u00ed ve\u0159ejn\u00fdch"}]},{"@type":"WebSite","@id":"https:\/\/prehrada-pastviny.cz\/cs\/#website","url":"https:\/\/prehrada-pastviny.cz\/cs\/","name":"P\u0159ehrada Pastviny","description":"Pastvinsk\u00e1 P\u0159ehrada","alternateName":"Pastvinsk\u00e1 p\u0159ehrada","potentialAction":[{"@type":"SearchAction","target":{"@type":"EntryPoint","urlTemplate":"https:\/\/prehrada-pastviny.cz\/cs\/?s={search_term_string}"},"query-input":{"@type":"PropertyValueSpecification","valueRequired":true,"valueName":"search_term_string"}}],"inLanguage":"cs"}]}},"builder_content":"","_links":{"self":[{"href":"https:\/\/prehrada-pastviny.cz\/cs\/wp-json\/wp\/v2\/historie\/1820","targetHints":{"allow":["GET"]}}],"collection":[{"href":"https:\/\/prehrada-pastviny.cz\/cs\/wp-json\/wp\/v2\/historie"}],"about":[{"href":"https:\/\/prehrada-pastviny.cz\/cs\/wp-json\/wp\/v2\/types\/historie"}],"author":[{"embeddable":true,"href":"https:\/\/prehrada-pastviny.cz\/cs\/wp-json\/wp\/v2\/users\/6"}],"wp:featuredmedia":[{"embeddable":true,"href":"https:\/\/prehrada-pastviny.cz\/cs\/wp-json\/wp\/v2\/media\/2260"}],"wp:attachment":[{"href":"https:\/\/prehrada-pastviny.cz\/cs\/wp-json\/wp\/v2\/media?parent=1820"}],"curies":[{"name":"wp","href":"https:\/\/api.w.org\/{rel}","templated":true}]}}

Rok 1912 &#8211; Návštěva ministra věcí veřejných

<p><a href="https://cs.wikipedia.org/wiki/Otakar_Trnka">Dr. Otakar Trnka</a> tehdejší ministr veřejných věcí navštívil Nekoř, aby se podíval na místo určené pro výstvbu přehrady</p>

<!-- wp:themify-builder/canvas /-->

<!-- This site is optimized with the Yoast SEO plugin v27.4 - https://yoast.com/product/yoast-seo-wordpress/ -->
<title>Rok 1912 - Návštěva ministra věcí veřejných | Přehrada Pastviny</title>
<meta name="robots" content="index, follow, max-snippet:-1, max-image-preview:large, max-video-preview:-1" />
<link rel="canonical" href="https://prehrada-pastviny.cz/cs/historie/navsteva-ministra-veci-verejnych/" />
<meta property="og:locale" content="cs_CZ" />
<meta property="og:type" content="article" />
<meta property="og:title" content="Rok 1912 - Návštěva ministra věcí veřejných | Přehrada Pastviny" />
<meta property="og:description" content="Dr. Otakar Trnka tehdejší ministr veřejných věcí navštívil Nekoř, aby se podíval na místo určené pro výstvbu přehrady" />
<meta property="og:url" content="https://prehrada-pastviny.cz/cs/historie/navsteva-ministra-veci-verejnych/" />
<meta property="og:site_name" content="Přehrada Pastviny" />
<meta property="article:publisher" content="https://www.facebook.com/pastviny" />
<meta property="article:modified_time" content="2023-03-06T12:56:30+00:00" />
<meta property="og:image" content="https://prehrada-pastviny.cz/wp-content/uploads/2015/06/Otakar_Trnka_1871–1919.jpg" />
	<meta property="og:image:width" content="466" />
	<meta property="og:image:height" content="606" />
	<meta property="og:image:type" content="image/jpeg" />
<meta name="twitter:card" content="summary_large_image" />
<script type="application/ld+json" class="yoast-schema-graph">{"@context":"https:\/\/schema.org","@graph":[{"@type":"WebPage","@id":"https:\/\/prehrada-pastviny.cz\/cs\/historie\/navsteva-ministra-veci-verejnych\/","url":"https:\/\/prehrada-pastviny.cz\/cs\/historie\/navsteva-ministra-veci-verejnych\/","name":"Rok 1912 - Návštěva ministra věcí veřejných | Přehrada Pastviny","isPartOf":{"@id":"https:\/\/prehrada-pastviny.cz\/cs\/#website"},"primaryImageOfPage":{"@id":"https:\/\/prehrada-pastviny.cz\/cs\/historie\/navsteva-ministra-veci-verejnych\/#primaryimage"},"image":{"@id":"https:\/\/prehrada-pastviny.cz\/cs\/historie\/navsteva-ministra-veci-verejnych\/#primaryimage"},"thumbnailUrl":"https:\/\/prehrada-pastviny.cz\/wp-content\/uploads\/2015\/06\/Otakar_Trnka_1871–1919.jpg","datePublished":"2015-06-04T17:57:57+00:00","dateModified":"2023-03-06T12:56:30+00:00","breadcrumb":{"@id":"https:\/\/prehrada-pastviny.cz\/cs\/historie\/navsteva-ministra-veci-verejnych\/#breadcrumb"},"inLanguage":"cs","potentialAction":[{"@type":"ReadAction","target":["https:\/\/prehrada-pastviny.cz\/cs\/historie\/navsteva-ministra-veci-verejnych\/"]}]},{"@type":"ImageObject","inLanguage":"cs","@id":"https:\/\/prehrada-pastviny.cz\/cs\/historie\/navsteva-ministra-veci-verejnych\/#primaryimage","url":"https:\/\/prehrada-pastviny.cz\/wp-content\/uploads\/2015\/06\/Otakar_Trnka_1871–1919.jpg","contentUrl":"https:\/\/prehrada-pastviny.cz\/wp-content\/uploads\/2015\/06\/Otakar_Trnka_1871–1919.jpg","width":466,"height":606},{"@type":"BreadcrumbList","@id":"https:\/\/prehrada-pastviny.cz\/cs\/historie\/navsteva-ministra-veci-verejnych\/#breadcrumb","itemListElement":[{"@type":"ListItem","position":1,"name":"Domů","item":"https:\/\/prehrada-pastviny.cz\/cs\/"},{"@type":"ListItem","position":2,"name":"Historie přehrady","item":"https:\/\/prehrada-pastviny.cz\/cs\/historie\/"},{"@type":"ListItem","position":3,"name":"Rok 1912 &#8211; Návštěva ministra věcí veřejných"}]},{"@type":"WebSite","@id":"https:\/\/prehrada-pastviny.cz\/cs\/#website","url":"https:\/\/prehrada-pastviny.cz\/cs\/","name":"Přehrada Pastviny","description":"Pastvinská Přehrada","alternateName":"Pastvinská přehrada","potentialAction":[{"@type":"SearchAction","target":{"@type":"EntryPoint","urlTemplate":"https:\/\/prehrada-pastviny.cz\/cs\/?s={search_term_string}"},"query-input":{"@type":"PropertyValueSpecification","valueRequired":true,"valueName":"search_term_string"}}],"inLanguage":"cs"}]}</script>
<!-- / Yoast SEO plugin. -->

Rok 1912 - Návštěva ministra věcí veřejných | Přehrada Pastviny

Dr. Otakar Trnka tehdejší ministr veřejných věcí navštívil Nekoř, aby se podíval na místo určené pro výstvbu přehrady

Přehrada Pastviny

Domů

Historie přehrady

Pastvinská Přehrada

Pastvinská přehrada
